. Calculate the highest common factor of q and 25.
25
Let c be 3 - -75 - (18 - 10 - 2). What is the highest common divisor of 32 and c?
8
Let l = 1245 + -765. What is the greatest common divisor of 24 and l?
24
Let f(j) be the first derivative of -24*j**2 - 4*j - 9. Let z be f(-1). Calculate the greatest common divisor of 4 and z.
4
Let k be 12/(-10)*35/(-14). Suppose -k*j + 3 = -9. Suppose 77 = w - 0*w + 4*d, -j*w - 2*d + 322 = 0. What is the highest common factor of w and 9?
9
Let i = -53 + 14. Let g = i - -84. What is the greatest common factor of 135 and g?
45
Suppose 148 = 4*i - 104. Let j(m) = m**3 - 9*m**2 - 7*m + 84. Let f be j(9). What is the highest common factor of i and f?
21
Let g(u) = -250*u. Let y(w) = -w. Let v(m) = g(m) - 200*y(m). Let q be v(-2). Calculate the highest common factor of q and 20.
20
Let s(w) = w**2 - 3*w - 18. Let c be s(6). Suppose c = 3*l - 7*l + 32. Calculate the greatest common factor of l and 32.
8
Let k(q) = -q**2 + 16*q - 47. Let d be k(7). Let h = 32 + -45. Let o = d + h. Calculate the highest common divisor of 9 and o.
3
Let y be -1080*-2*2/10. Calculate the greatest common divisor of y and 162.
54
Let u(i) be the second derivative of 13*i**3/6 + 5*i**2/2 + 6*i. Let s be u(2). What is the greatest common divisor of s and 31?
31
Let f(b) = b**3 - 14*b**2 + 35*b + 38. Let h be f(12). Suppose -6*l = -3*l - 204. What is the highest common divisor of l and h?
34
Suppose -2*g - 2*z + 40 = 0, 3*z - 5 - 10 = 0. Calculate the greatest common divisor of 255 and g.
15
Let h(o) = o**3 - 4*o**2 + 2*o + 1. Let n be h(3). Let b be 19/(3/n - (-4 - -2)). What is the highest common divisor of 114 and b?
38
Let g be (-3)/(1 - (-17)/(-14)). Let d = 7948 - 7822. What is the highest common factor of d and g?
14
Suppose -z + 2*z = 4*z. Let o be 0 - (z + (2 - -1)) - -233. Calculate the highest common factor of o and 23.
23
Let k be ((-50)/8)/(119/(-22372)). What is the highest common factor of k and 25?
25
Let o be (-1479)/(-255) - (-2)/10. What is the greatest common divisor of 78 and o?
6
Let g be 64/9 + (-13)/117. Calculate the highest common divisor of g and 133.
7
Let c(j) = -484*j + 1471. Let z be c(3). Let q(h) = h**3 - 4*h**2 + 2*h + 3. Let m be q(5). What is the greatest common divisor of z and m?
19
Let o be -6*10/8*576/(-27). Let r = 173 + -109. What is the highest common factor of o and r?
32
Suppose -207*p + 203*p - 3*i = -1863, -4*i = -4. What is the greatest common divisor of 279 and p?
93
Let t be (50/(-3))/(2/(-6)). Suppose 3*h = -b + 34, -5*b = 12 - 32. What is the greatest common divisor of h and t?
10
Suppose -5*s - 165 + 61 = -3*v, -3*s + 30 = v. Let b be (-1 + -4 - -4)*11. Let x be 1*-1*11*b/11. What is the greatest common divisor of v and x?
11
Suppose 5*v - g - 108 = 2*g, 36 = v + 3*g. Let k(r) = r**2 + 8*r + 14. Let i be k(-6). Suppose i*a - 30 = -3*a. What is the highest common divisor of a and v?
6
Let q be -6*((-12)/9)/4. Suppose q*y + 2*y - 84 = 0. Calculate the highest common divisor of 189 and y.
21
Let b be 2*172/(-16)*-2. Let c = b - 22. Calculate the highest common divisor of c and 35.
7
Suppose -33796 = 51*h - 68*h. Calculate the highest common factor of 71 and h.
71
Suppose -25 = -f + 4*p - 2, 0 = -2*f + 2*p + 16. Suppose 3*q - f = j, -5*j + 39 + 16 = -q. Calculate the greatest common divisor of j and 8.
4
Let z be (1 - (-1724)/44) + 6/(-33). What is the greatest common factor of 760 and z?
40
Suppose 0*o = -4*o + 12. Suppose q - o - 5 = 0. Let p(f) = -f**3 - 2*f + 32. Let k be p(0). Calculate the greatest common divisor of k and q.
8
Suppose 0 = -n - 2*t + 2, 0*t = -t - 2. Suppose -4*v + 5 = -3. Suppose 48 = 3*i - v*i. What is the greatest common divisor of n and i?
6
Let f(z) = z + 24. Suppose -7*u = -4*u + 24. Let m be f(u). Suppose -m*i + 12*i = -176. What is the highest common factor of i and 11?
11
Suppose 3*u + 2*f - 115 + 59 = 0, 5*u - 5*f - 85 = 0. Calculate the greatest common factor of u and 258.
6
Suppose 0*x + 21 = 3*w - x, 5*w - 37 = x. Suppose 0 = w*r - 5*r - 45. Suppose 2*k - 97 = r. Calculate the highest common factor of 8 and k.
8
Let x be ((-120)/(-14))/((-3)/(-126)). What is the greatest common divisor of x and 18?
18
Let n(x) = 100*x**2 + 2*x - 3. Let v be n(1). Let j = v + -69. Let z(y) = -11*y - 2. Let l be z(-2). What is the highest common factor of l and j?
10
Let w be (-8)/(-14) + (-25)/7 - -371. Calculate the highest common factor of 23 and w.
23
Let x be 288/(-360) + (-304)/(-5). What is the highest common factor of 315 and x?
15
Let j(w) = -38*w - 74. Let x be j(-7). Calculate the highest common factor of 144 and x.
48
Let l(z) = 2*z - 14. Let c be l(8). Suppose -c*q = 2*q. Suppose -2*w = 2*g - 58, q = 4*w + g + g - 106. Calculate the highest common divisor of 16 and w.
8
Suppose -4*x + 29 + 10 = -5*b, 36 = x + 4*b. Calculate the greatest common divisor of x and 752.
16
Let m(b) = -b**2 - 15*b - 8. Let q be m(-11). Suppose c = 21 + q. Calculate the greatest common factor of c and 38.
19
Suppose -5*w + 424 = -4*q - 0*q, -356 = -4*w - q. Calculate the highest common divisor of 22 and w.
22
Let h be 1/(-3) - 62/(-6). Let a = h + -1. Suppose -3*d + 20 = j + 13, 3*j - 15 = -3*d. What is the highest common divisor of d and a?
1
Let n = -7 + 87. Let y(f) = -2*f**2 + 19*f - 4. Let m be y(8). What is the highest common divisor of n and m?
20
Let h be (3 + -2 - -1)/(-2). Let c be h/(-4)*-2*-66. Let v = -3 + 14. Calculate the highest common divisor of v and c.
11
Let h(w) = -w**2 - 3*w. Let n be h(-2). Suppose x = -5*c - 9, 5*x + n*c + 1 = 2*x. Let v be (21/(-12))/(x/(-4)). What is the highest common divisor of v and 77?
7
Let g be ((-18)/6)/((-12)/(-8)). Let f be ((-1)/2*g)/(2/154). What is the highest common divisor of 11 and f?
11
Suppose 5*h = -4*m + 49, 0 = m + 2*m + 3*h - 33. Let g be -1 - (-4 + -3 + 4). Suppose -g*a - 54 = -3*a. Calculate the highest common divisor of m and a.
6
Suppose 0 = 3*r - 2*r + 5*b - 149, 0 = -3*r + 2*b + 498. Suppose 2*u = -5*a + 106, -3*u = -0*u + 5*a - r. What is the highest common divisor of u and 29?
29
Let a(z) = -10*z. Let c be a(-1). Let f(m) = 49*m - 21. Let d be f(4). Suppose -d = 10*k - 17*k. What is the greatest common factor of c and k?
5
Suppose -f + 0*f = -8. Let x be (4/6)/(8 + (-1287)/162). What is the greatest common divisor of f and x?
4
Let x(u) = -u**3 + 19*u**2 + u - 26. Let o be x(18). Calculate the greatest common divisor of 2 and o.
2
Let j(p) = 34*p - 132. Let g be j(6). What is the highest common divisor of 504 and g?
72
Suppose 0 = -3*v + 2*m + 70 + 36, -94 = -3*v - 4*m. Suppose 19*n + v = 224. What is the greatest common divisor of 190 and n?
10
Suppose 91 = n + 53. What is the greatest common factor of n and 95?
19
Suppose 5*h = 2*z - 10, -5*z - 2 - 2 = 2*h. Let r(l) = 4*l + 2*l**2 - l**2 + z - 6. Let v be r(-7). What is the greatest common factor of 165 and v?
15
Suppose 2*i = 2*f + 3*i - 320, 0 = 2*f - 4*i - 310. Suppose 0 = 3*x - f + 42. Suppose -4*q + 21 = -x. Calculate the highest common divisor of 30 and q.
15
Let q(b) = b**3 - 7*b**2 + 3*b - 7. Let o be q(7). Let j(m) = -m - 14. Let z be j(o). Let k = z - -41. Calculate the greatest common divisor of 65 and k.
13
Let x = 38 - 36. Suppose -7*t - 5*y = -3*t - 40, x*t + 2*y = 18. Calculate the greatest common divisor of 20 and t.
5
Let d(n) = n**2 + 11*n - 21. Let i = -59 - -89. Let z = 17 - i. Let h be d(z). Calculate the greatest common factor of h and 2.
1
Suppose 2*f = -7*f - 36. Let m be 5*(-28)/(-35)*(-3)/f. Suppose j + 12 = 3*j. Calculate the highest common factor of j and m.
3
Suppose 29*a - 3358 = -3*z + 31*a, 0 = 2*z - a - 2239. What is the greatest common divisor of 35 and z?
35
Let i = -42 + 44. Suppose -a - 4*a + 62 = i*p, 2*p - 2*a = 34. What is the highest common factor of p and 189?
21
Let l(d) = d**3 + 2*d**2 + 7*d + 4. Let u be l(-6). Let q = u + 257. Let o = 2 - -13. What is the highest common factor of q and o?
15
Suppose -2*j = -5*f - 0*j + 41, 0 = 4*f - 2*j - 32. Suppose 634 - 94 = f*s. Calculate the greatest common divisor of 40 and s.
20
Let c = -457 - -780. What is the greatest common factor of c and 17?
17
Suppose 42*d - 48*d + 1110 = 0. Calculate the greatest common factor of d and 111.
37
Let i(q) = 17*q**2 - 50*q - 8. Let x 